/(21/(-24)))/3.
2, 17
What are the prime factors of 2*(10 + -5 - 1*12367/(-2))?
12377
Suppose 0 = -1029*o + 1023*o + 15912. Suppose -5*c - o = -4*i, 0 = 2*i - 5*i + 5*c + 1989. List the prime factors of i.
3, 13, 17
Let p = -31406 + 44587. What are the prime factors of p?
7, 269
Let a = -13 - -806. Let m = 1137 - a. List the prime factors of m.
2, 43
Let z(a) = 1897*a + 135. List the prime factors of z(17).
2, 11, 23
Suppose 0 = -2*f + 10 - 4. Suppose -15*s = -20*s. Suppose s = 7*z - f*z - 708. List the prime factors of z.
3, 59
Suppose -466*t + 155025 = -462*t - f, 2*f = -2*t + 77530. What are the prime factors of t?
2, 19379
Let u(k) = -k**2 + 101*k + 55. What are the prime factors of u(20)?
5, 67
Suppose 3*q - 44746 = y, -7*y = -11*y + 20. List the prime factors of q.
7, 2131
Let d be (-1 - 240)/(88/(-12) - -7). Let t = d - 432. List the prime factors of t.
3, 97
Suppose 89*m - 108*m = -76. Let p(g) = -3*g**3 - 4*g**2 + 1. Let d be p(-4). Suppose -m*z = -d - 31. List the prime factors of z.
2, 5
Let d = 5 - 9. Let t be (-8)/(-4)*(-10)/d. Suppose t*q = -4*p + 194 + 250, 5*p - 555 = 2*q. What are the prime factors of p?
3, 37
Let r = 15100 - 8395. What are the prime factors of r?
3, 5, 149
Suppose u + 2*m - 7211 - 1191 = 0, -4*m = -4. List the prime factors of u.
2, 3, 5, 7
Let z(r) = 2249*r**3 - r**2. Let g be z(1). Suppose 111 + g = 7*j. List the prime factors of j.
337
Let y be (16 + -15)*(-2 + 1 - -1). Suppose 5*o - 15 = y, -2*k = -o - 636 - 109. List the prime factors of k.
2, 11, 17
Suppose -o + 4 = -3. Let f(u) = 15 + 0*u - 15*u + 138*u**2 - 134*u**2. List the prime factors of f(o).
2, 53
Let z = 41 - 42. Let f be z + -2 + 2 + 4. Suppose 252 + f = 3*r. List the prime factors of r.
5, 17
Let b be ((-3763)/426)/(((-6)/(-8))/(63/(-14))). Suppose 3*o = -6, 3*y = 5*o + 6 + 16. Suppose b = -y*k + 1005. List the prime factors of k.
2, 7, 17
Let x = -537 - -238. Let q = 1036 + x. Suppose n = -6*b + 5*b + 185, -4*b - 3*n = -q. List the prime factors of b.
2, 7, 13
Let m = 17 + -11. Suppose -m*a + 8 + 4 = 0. Suppose 0 = -l - 5*d + 69, 0 = a*l - 4*d - 18 - 64. What are the prime factors of l?
7
Suppose 0 = 68*i - 66*i + 106. Let q = -122 + i. Let b = -51 - q. What are the prime factors of b?
2, 31
Let k(o) = -o**2 + o + 17. Let t be k(0). Suppose 46*l = t*l + 3451. List the prime factors of l.
7, 17
Suppose -13*x - 10866 = -1311. Let h = x - -1044. List the prime factors of h.
3, 103
Suppose -2*g - 1450 = 4*z, -5*z + 3*g = g + 1817. Let b = 778 + z. List the prime factors of b.
5, 83
Suppose -112 + 32 = 4*v. Suppose -l + 2666 = -2*z - 3*l, -3*z = -4*l + 3964. What are the prime factors of (-9)/(-15) + z/v?
67
Let u be (-3*(-4)/(-8))/((-2)/(-372)). Let y = u + 533. Suppose y = x + x. What are the prime factors of x?
127
Let j be (6 - 7) + 5 + -1. Suppose 0 = 4*n - 4*d - 2248, -4*n + j*d - 2213 = -8*n. What are the prime factors of n?
557
Let u = 217947 + -145333. List the prime factors of u.
2, 36307
Suppose 18*w = 74255 + 281605. What are the prime factors of w?
2, 3, 5, 659
Let j = -2427 + 3076. List the prime factors of j.
11, 59
Let v be (385/(-20))/11*-8. Suppose 5*s - 3*w = 1454, -3*s - 15*w + 878 = -v*w. List the prime factors of s.
2, 73
Suppose 10 = -0*u + 2*u. Suppose 11*n = -3*n + 42. Suppose -225 = -5*s + n*g + 147, 4*s - u*g - 295 = 0. List the prime factors of s.
3, 5
Let p be 0 + 1 - ((1 - 3) + 0). Let c be (-6)/p + 0 + (3 - 5). What are the prime factors of (-103)/c*((-14)/(-2) - 3)?
103
Let p be (-12)/(-10)*10/4. Suppose -p*g + 24 = 5*g. What are the prime factors of 12/g - 1010/(-5)?
2, 103
Suppose -3627*y + 9775 + 76694 = -3624*y. What are the prime factors of y?
19, 37, 41
Suppose 22*o - 19*o = -4*z + 106701, o = 2*z - 53353. What are the prime factors of z?
2, 3, 13, 19
Let k(s) = 4*s + 23. Let p be k(7). Let o = 59 - p. Suppose -o*g = -787 - 173. List the prime factors of g.
2, 3, 5
Let y(t) = -t**3 - 2*t**2 - t + 2769. Let p be y(0). Suppose -o - p = -14*o. List the prime factors of o.
3, 71
Let x = -699 + 453. List the prime factors of 3 + (6 - x) + -7.
2, 31
Suppose 127*l + 7*l = -26*l + 8698560. What are the prime factors of l?
2, 3, 13, 17, 41
Let g be (-720)/(-52) + 2/13. Let a = -27 - g. Let u = 62 + a. List the prime factors of u.
3, 7
List the prime factors of 1977/((12/36)/((-56)/(-36))).
2, 7, 659
Let s be 4*710/(-12)*36/(-120). Suppose -5*d + s*m - 76*m + 3895 = 0, -3*d - 5*m = -2347. List the prime factors of d.
2, 3, 43
Let b(k) = 2536*k**2 - 69*k + 338. List the prime factors of b(4).
2, 3, 13, 521
What are the prime factors of ((-1233)/(-4))/(345/17480)?
2, 3, 19, 137
Let l be (-1)/(-5) + (-7 - 1716/5). Suppose 2*k + 1102 = -0*k. Let d = l - k. List the prime factors of d.
3, 67
Suppose 0 = -5*q + 75 + 65. Let s = 91 - q. List the prime factors of s.
3, 7
What are the prime factors of -24*((-46740)/160 - 12)?
3, 811
Let s be (-21492)/(-10) - (-22)/(-110). Suppose -4*w + s = -1747. List the prime factors of w.
2, 487
Let z(a) = 3839*a - 245. What are the prime factors of z(2)?
7433
Let a(h) = 5*h**2 + 18*h + 424. What are the prime factors of a(22)?
2, 3, 5
Let o = 74 - 4. Let z = o + -66. Suppose z*w - 350 = -2*v, 4*v - 710 = -3*w + 5*w. List the prime factors of v.
3, 59
Suppose 38 = -10*n - 2. List the prime factors of (8/n)/(566/284 + -2).
2, 71
Let n be -6*((-2)/12)/((-5)/(-20)). Suppose 0 = 3*f + i - 8, -3*i = -n*f - 7*i. Suppose 5*c = f*q - 151, -2*q + 3*c + 0*c = -75. List the prime factors of q.
3, 13
Suppose -157 + 13 = -2*i. Suppose -k - 1 = 4*h - 12, 4*k + 2*h - i = 0. What are the prime factors of k?
19
Let y(c) = -c**3 - 46*c**2 - 82*c + 82. List the prime factors of y(-48).
2, 19, 227
Let x = -21 + 1. Let f = x - -22. Suppose 0 = c - 5*p - 78, f*c - p = p + 148. What are the prime factors of c?
73
Let l be 147/15 - 6/(-30). Let j be l/15 - (-2)/6. Let i(c) = 64*c**3 - 2*c + 2. List the prime factors of i(j).
2
Let i = -39605 - -57356. Suppose -i = 49*o - 50875. List the prime factors of o.
2, 13
Suppose 0 = -4*w - 5*u - 0*u + 21194, -2*u = -w + 5292. Suppose -17*r = -w + 1097. List the prime factors of r.
13, 19
Let w(n) = 83*n**2 + 14*n - 9. List the prime factors of w(7).
2, 1039
Let i be (-1 + 6 + -1)/2. Let m be 3/i*10*4/4. Let z = m + 91. What are the prime factors of z?
2, 53
Suppose 12*j = 16*j - 56. Suppose j*w + 1928 = 18*w. What are the prime factors of w?
2, 241
Suppose r + 985 = 3*b, 0 = -8*r + 10*r + b + 1970. Let s = r + 1716. What are the prime factors of s?
17, 43
Suppose 3368 = -6*v + 7*v. Suppose -v - 3256 = -16*d. List the prime factors of d.
2, 3, 23
List the prime factors of (145442/(-11))/(-2) + 5 - -8.
2, 3, 23
Suppose -3*x + 10 - 19 = 0. Let v be 1/3 + (-1577)/x. Suppose 5*o + 3*f = v, 0 = o - 3*f + 58 - 174. List the prime factors of o.
107
List the prime factors of ((-370)/(-555)*128942/4)/((-1)/(-3)).
11, 5861
Let b(y) = -24 - 4 + y + y + 0. Let l be b(14). Suppose l = 4*h - 6*h + 194. List the prime factors of h.
97
Let c(j) = -j**2 - 240*j - 409. What are the prime factors of c(-75)?
2, 31, 193
Let h(j) = j**3 - 7*j**2 + j - 3. Let y be h(7). Suppose -193*l + 195*l = y. Suppose l*s - 3*s + 75 = 0. What are the prime factors of s?
3, 5
Let s = 23 - 29. Let a = s - -11. Suppose 16 = 2*y - 4*p, -3*y + 3*p + 64 = a*p. What are the prime factors of y?
2, 3
Let u = 9071 + -5723. Suppose 3*i - 837 = 2*i + 5*q, -u = -4*i + 3*q. List the prime factors of i.
3, 31
List the prime factors of (-14)/56 + 0 - ((-603165)/4)/5.
2, 17, 887
Suppose 0 = -18*l + 81 - 27. List the prime factors of (1585 - l) + 1 + (5 - 4).
2, 3, 11
Suppose 2*u = 6*b - 7*b + 23, -5*b + 27 = 2*u. Suppose -u*p - 727 + 7789 = 0. List the prime factors of p.
2, 3, 107
Let q(y) = 2*y**2 - 5*y + 1. Let t be q(3). Suppose b + 5*l + 2578 = t*l, -4*b + 5*l = 10357. List the prime factors of (-2)/(-7) + b/(-49).
53
Let t be 1750/(-455) + 4/(-26). Let o(s) = 77*s**2 - 8*s - 12. What are the prime factors of o(t)?
2, 313
Suppose -2*l = 11 - 17. Suppose 4*r - 712 = -l*q, 47 - 286 = -q - r. List the prime factors of q.
2, 61
List the prime factors of 8117 + ((-1)/(-2) - -2)*(-280)/(-350).
23, 353
Let k be 5 + -7 - (-1 - 9 - 1). Let h(n) = 2*n**3 - 11*n**2 + 6*n + 14. List the prime factors of h(k).
5, 127
Let j(c) =